 -52. Calculate the greatest common divisor of b and 5.
5
Suppose -4*c + c + 33 = 0. Let n = -107 + 118. Calculate the greatest common divisor of c and n.
11
Let x be 2*(2 + -3)/1. Let d be x/(4/5 + -1). What is the highest common divisor of 10 and d?
10
Suppose -5*f - 30 = -b, -2*b - 4*f + 22 + 10 = 0. Suppose 0 = -4*q + 5*m + 20, -3*q + 3*m - 2 = -20. What is the highest common factor of b and q?
10
Suppose -6*j + 924 = -2*j. Calculate the greatest common divisor of 21 and j.
21
Suppose z + 3 - 8 = 0. Suppose 4*x = z*p + 281 - 17, -4 = -4*x. Let f = -12 - p. What is the greatest common divisor of 8 and f?
8
Let c be -8*-1*2/4. Suppose -2*n + g = -c, n - 3*g = -n. Suppose 27 + 3 = 2*k. What is the greatest common divisor of n and k?
3
Let o be 12/(-10)*(-4 + 28/(-3)). What is the greatest common factor of o and 64?
16
Let j(q) = q**2 + 5*q + 5. Let y be j(-5). Suppose -y*i = k - 6, -2*i + 11 + 9 = -4*k. Let t = 6 - k. What is the highest common divisor of t and 60?
10
Let p be (-9)/18 + 2/4. Suppose p = -3*q + 2*q + 28. Calculate the highest common divisor of q and 7.
7
Let b(h) = -h**3 - 3*h**2 - 6*h - 2. Let q be b(-5). Calculate the greatest common divisor of 195 and q.
39
Let f(a) = a**2 + 10*a - 11. Let w be f(8). Let q(z) = z - 4. Let k be q(6). Suppose 0 = 2*c + k*c - 76. Calculate the greatest common divisor of c and w.
19
Suppose 6*q - 12 = 2*q. Suppose -4*m + 11 = q. Let o be (-2 - -3)/(m/8). What is the highest common factor of 2 and o?
2
Let b = 6 + -5. Let w be 0/b - 12/(-12). What is the greatest common divisor of 9 and w?
1
Suppose -3*i + 131 = -4*s, 0*s = 2*i - 3*s - 89. Suppose -11 = -3*k + i. Calculate the greatest common factor of 48 and k.
16
Let l(y) = y**3 + 2*y**2 - 2*y - 2. Let u be l(-2). Suppose 0*x + x - u*m = 8, m = 3. Calculate the highest common divisor of 42 and x.
14
Let b be 68/6 + (-3)/9. Suppose -t + 5 = 0, -5*t + 8*t + 161 = -4*i. Let h be i/3*(-9)/6. What is the greatest common divisor of h and b?
11
Let q = 11 - 2. Let a(y) = 26*y**2 + y. Let u be a(1). Calculate the greatest common divisor of u and q.
9
Let i = -24 + 42. What is the greatest common factor of i and 90?
18
Let k(d) = d**3 + 6*d**2 - d - 2. Let j be k(-6). Suppose z + 20 = -j*z. Let w be 11/(-1)*(z - 3). Calculate the highest common divisor of w and 7.
7
Let p(o) = 2*o**2 + o + 3. Let j = -9 + 6. Let i be p(j). Calculate the greatest common divisor of i and 6.
6
Let j be (26/5)/((-1)/(-20)). What is the greatest common factor of 13 and j?
13
Let d(y) = 10*y**2 - 1. Let o be d(-1). Let f = o - 7. What is the greatest common factor of 1 and f?
1
Let k(l) = l + 1. Let r be k(7). Let w be (-8)/r*2*3. Let f(t) = -t**2 - 9*t - 6. Let v be f(w). What is the highest common divisor of v and 6?
6
Let v(d) = d**2 - 2*d + 2. Let g be v(4). Calculate the greatest common divisor of 15 and g.
5
Suppose 4*p - 2*h = 52, 3*p = -h + 37 + 12. Suppose 5 = 2*m - p. What is the highest common divisor of 110 and m?
10
Let d(p) = p**3 + 7*p**2 + 8*p + 7. Let u be d(-5). What is the highest common divisor of 51 and u?
17
Let m = 14 + -14. Suppose m = w - z - 15, w - 3*w = -4*z - 40. Let b(t) = 3*t**2 + 8*t. Let a be b(-6). What is the highest common divisor of w and a?
10
Suppose 23 = -4*p - 4*d + 7, -p + 3*d - 12 = 0. Let z = 7 + p. Let w be z/(-4) + (-105)/(-20). What is the greatest common divisor of w and 10?
5
Suppose -u = 2*u - 324. Let k = 26 + -11. Suppose 4*v + 10 + 26 = 2*c, k = c - v. What is the highest common divisor of u and c?
12
Let h(c) = 2*c**3 - 2*c**2 - 2*c. Let n be h(2). Calculate the highest common factor of 20 and n.
4
Let d(c) = 14*c - 6. Suppose -4*a + 5*q + 5 = 0, -2*a + 2*q = -3 - 1. Let f be d(a). Let x = -12 + 28. Calculate the highest common divisor of x and f.
16
Let g(r) be the second derivative of -r**5/20 + 2*r**4/3 + r**3/6 - 3*r**2 + r. Let z be g(6). What is the greatest common factor of z and 18?
18
Let l(t) = -18*t**2 + 2*t. Let z be l(3). Let c = z + 354. What is the highest common factor of 18 and c?
18
Suppose 0 = 3*z + 4*z - 392. Calculate the greatest common divisor of z and 14.
14
Suppose 2*u - 17 = -2*j + j, -5*j - 3*u + 57 = 0. Let x(z) = 5*z - 7. Let w be x(2). What is the highest common factor of w and j?
3
Let t(x) = 7*x**2 + x + 3. Let u be t(-3). What is the greatest common divisor of u and 21?
21
Suppose s = 4*h - 49, 3*s = 4*h + h - 70. Let k = -3 + h. Let c(y) = y - 5. Let u be c(7). Calculate the highest common factor of k and u.
2
Let t = -57 - -72. Calculate the highest common factor of 165 and t.
15
Suppose 4*u + 4 = 3*u, -16 = -2*f + u. Calculate the greatest common factor of f and 12.
6
Suppose -r - 1 = -0*r, -2*f + 85 = 5*r. What is the greatest common factor of 18 and f?
9
Suppose -2*b = b - 6. Suppose -10 = -d + b. What is the greatest common divisor of d and 8?
4
Suppose 4*o - 32 = -0. Calculate the greatest common divisor of o and 64.
8
Let j(d) = -d**3 + 6*d**2 - 6*d + 2. Let k be j(5). Let l be 78/(6/(-27)*k). Calculate the greatest common divisor of 13 and l.
13
Suppose v + 4 = 6. Suppose v*n - 5*r - 46 = -3*r, -r - 47 = -2*n. What is the highest common divisor of 36 and n?
12
Let t = -5 - -6. Let q be (7 - 1)/(t/(-8)). Let u = q + 83. What is the highest common divisor of u and 5?
5
Let r(h) = h**3 + 8*h**2 + 5*h + 17. Let o be r(-7). Calculate the highest common divisor of 279 and o.
31
Suppose q + 54 = 4*q. Calculate the greatest common divisor of q and 90.
18
Suppose -4*a + 37 + 42 = 3*j, -3*j - 2*a + 71 = 0. Let w(g) = -g**3 - g + 25. Let t be w(0). Let z = t - 18. Calculate the greatest common divisor of j and z.
7
Let t = -47 + 64. Calculate the greatest common factor of 34 and t.
17
Let z(i) = i**2 + 6*i - 7. Let n be z(5). Let g = 4 + 0. Suppose 0 = b - 0*b + 3*a - 27, -g*b + a + 43 = 0. What is the greatest common divisor of n and b?
12
Suppose 4*x - 17 = -5. Suppose -220 = -4*i + 3*m, 0*i - 144 = -3*i - x*m. Calculate the highest common factor of i and 78.
26
Let z(x) = -4*x**3 + x + 1. Let j be z(-1). Let u be ((-5286)/(-4))/((-2)/j). Let f be (-2)/10 - u/15. What is the highest common factor of 22 and f?
22
Let j be (-9)/18 - 26/(-4). What is the highest common factor of j and 24?
6
Let q(g) = -g**2 - 18*g + 2. Let l be q(-14). What is the greatest common divisor of 29 and l?
29
Let g(a) = a**3 - 10*a**2 + 16*a - 1. Let v be g(9). Calculate the greatest common factor of v and 31.
31
Suppose -2*t + 114 = 3*w, t + 23 = -4*w + 180. Calculate the greatest common factor of w and 5.
5
Let y(s) = s**2 + 1. Let i = 13 - 19. Let u(d) = -7*d**2 + 2*d - 7. Let p(o) = i*y(o) - u(o). Let m be p(3). What is the greatest common factor of 2 and m?
2
Let m be 3 - -134*4/8. Let a be ((-250)/(-8))/(3/12). Let y = a - m. Calculate the highest common factor of y and 22.
11
Let x = -80 - -122. Suppose -5*y + 0*y + 2*s + 70 = 0, 4*y - 56 = s. What is the highest common divisor of y and x?
14
Let w = 32 - 8. What is the highest common divisor of w and 36?
12
Suppose 0 = -r + 3*g - 40, -r + 40 = -2*r + g. Let b be r/(-3) - (-2)/(-6). Suppose 0 = -u - 2*u + 156. Calculate the highest common divisor of u and b.
13
Let i be (-12)/(-4)*(-8)/(-6). Let r = i - -3. Suppose r*y = 2*y - 5*x + 70, y - 24 = 4*x. Calculate the highest common factor of y and 96.
16
Let p(r) be the first derivative of 2*r**3/3 + 5*r**2 - 5. Let w be p(-7). Calculate the greatest common divisor of 14 and w.
14
Let l = 22 + 3. Let j = l + 8. What is the greatest common divisor of 3 and j?
3
Let v = -32 + 122. Suppose 2*w + 4*q = v, -q = 4*w + q - 180. What is the greatest common factor of 15 and w?
15
Let s be -5*1*(-18)/45. Suppose 0 = 4*d - s*q - 78, -2*d = -d + 4*q - 6. Calculate the highest common divisor of d and 27.
9
Let d = -46 + 71. Let m = -62 + d. Let a = m + 52. What is the greatest common divisor of 6 and a?
3
Let m(z) = 2*z**3 - 4*z**2 + 2*z + 4. Let c be m(3). Suppose -2*t = -0*t + c. Let o = 74 + t. What is the highest common divisor of o and 12?
12
Suppose 4*g - 8 = 8. What is the highest common divisor of g and 12?
4
Let l be 1 + 6/(6 - 3). Let d be 1*-27*4/(-12). Calculate the greatest common divisor of d and l.
3
Suppose 1 = p - 0*p, x = 4*p + 44. What is the highest common factor of x and 240?
48
Let q = 391 - 270. 